89.
46489
What are the prime factors of 1639?
11, 149
What are the prime factors of 11043?
3, 409
List the prime factors of 25837.
7, 3691
What are the prime factors of 2468?
2, 617
What are the prime factors of 700?
2, 5, 7
What are the prime factors of 175254?
2, 3, 29209
What are the prime factors of 2093?
7, 13, 23
What are the prime factors of 289?
17
What are the prime factors of 19967?
41, 487
What are the prime factors of 17625?
3, 5, 47
List the prime factors of 20601.
3, 7, 109
What are the prime factors of 7913?
41, 193
What are the prime factors of 4729?
4729
List the prime factors of 2347.
2347
List the prime factors of 11049.
3, 29, 127
What are the prime factors of 7741?
7741
What are the prime factors of 4365?
3, 5, 97
List the prime factors of 62841.
3, 20947
What are the prime factors of 9537?
3, 11, 17
List the prime factors of 37910.
2, 5, 17, 223
List the prime factors of 2271.
3, 757
What are the prime factors of 2722?
2, 1361
What are the prime factors of 76953?
3, 113, 227
What are the prime factors of 3864?
2, 3, 7, 23
List the prime factors of 47308.
2, 11827
What are the prime factors of 46419?
3, 15473
List the prime factors of 1179.
3, 131
What are the prime factors of 10966?
2, 5483
List the prime factors of 232.
2, 29
What are the prime factors of 60201?
3, 6689
What are the prime factors of 70?
2, 5, 7
What are the prime factors of 1890?
2, 3, 5, 7
List the prime factors of 122063.
37, 3299
What are the prime factors of 29177?
163, 179
List the prime factors of 6385.
5, 1277
What are the prime factors of 3144?
2, 3, 131
List the prime factors of 20357.
20357
List the prime factors of 23367.
3, 7789
List the prime factors of 2368.
2, 37
What are the prime factors of 4604?
2, 1151
List the prime factors of 3057.
3, 1019
What are the prime factors of 13228?
2, 3307
List the prime factors of 27394.
2, 13697
What are the prime factors of 2724?
2, 3, 227
What are the prime factors of 160?
2, 5
What are the prime factors of 741?
3, 13, 19
List the prime factors of 2565.
3, 5, 19
What are the prime factors of 2956?
2, 739
What are the prime factors of 631?
631
List the prime factors of 28903.
7, 4129
List the prime factors of 28457.
11, 13, 199
What are the prime factors of 610?
2, 5, 61
List the prime factors of 5430.
2, 3, 5, 181
What are the prime factors of 27445?
5, 11, 499
List the prime factors of 76796.
2, 73, 263
List the prime factors of 10484.
2, 2621
List the prime factors of 397.
397
What are the prime factors of 56907?
3, 6323
List the prime factors of 93395.
5, 18679
List the prime factors of 68328.
2, 3, 13, 73
List the prime factors of 23292.
2, 3, 647
What are the prime factors of 64756?
2, 16189
What are the prime factors of 3908?
2, 977
List the prime factors of 2113.
2113
What are the prime factors of 2035?
5, 11, 37
List the prime factors of 2419.
41, 59
What are the prime factors of 356?
2, 89
What are the prime factors of 1471?
1471
What are the prime factors of 52164?
2, 3, 7, 23
List the prime factors of 31615.
5, 6323
List the prime factors of 1887.
3, 17, 37
What are the prime factors of 33948?
2, 3, 23, 41
What are the prime factors of 314?
2, 157
What are the prime factors of 378?
2, 3, 7
What are the prime factors of 3942?
2, 3, 73
What are the prime factors of 1205?
5, 241
List the prime factors of 10249.
37, 277
List the prime factors of 6852.
2, 3, 571
List the prime factors of 132539.
11, 12049
List the prime factors of 111158.
2, 55579
What are the prime factors of 691?
691
List the prime factors of 38584.
2, 7, 13, 53
List the prime factors of 38142.
2, 3, 13, 163
What are the prime factors of 4310?
2, 5, 431
What are the prime factors of 717?
3, 239
List the prime factors of 42.
2, 3, 7
List the prime factors of 16926.
2, 3, 7, 13, 31
What are the prime factors of 10884?
2, 3, 907
List the prime factors of 6292.
2, 11, 13
List the prime factors of 1160.
2, 5, 29
List the prime factors of 4055.
5, 811
What are the prime factors of 18228?
2, 3, 7, 31
What are the prime factors of 13738?
2, 6869
List the prime factors of 24292.
2, 6073
What are the prime factors of 9187?
9187
What are the prime factors of 1590?
2, 3, 5, 53
What are the prime factors of 6366?
2, 3, 1061
List the prime factors of 1050.
2, 3, 5, 7
What are the prime factors of 18486?
2, 3, 13, 79
What are the prime factors of 14?
2, 7
List the prime factors of 21247.
21247
What are the prime factors of 36314?
2, 67, 271
List the prime factors of 426.
2, 3, 71
What are the prime factors of 150320?
2, 5, 1879
List the prime factors of 24133.
24133
List the prime factors of 845.
5, 13
What are the prime factors of 23939?
37, 647
List the prime factors of 529.
23
What are the prime factors of 16975?
5, 7, 97
List the prime factors of 2329.
17, 137
What are the prime factors of 7457?
7457
What are the prime factors of 16385?
5, 29, 113
What are the prime factors of 45123?
3, 13, 89
List the prime factors of 207.
3, 23
List the prime factors of 1252.
2, 313
What are the prime factors of 81960?
2, 3, 5, 683
What are the prime factors of 10714?
2, 11, 487
List the prime factors of 6800.
2, 5, 17
What are the prime factors of 2?
2
What are the prime factors of 2171?
13, 167
What are the prime factors of 19728?
2, 3, 137
List the prime factors of 99814.
2, 11, 13, 349
List the prime factors of 44004.
2, 3, 19, 193
What are the prime factors of 2641?
19, 139
List the prime factors of 513.
3, 19
What are the prime factors of 3507?
3, 7, 167
What are the prime factors of 61587?
3, 2281
List the prime factors of 1119.
3, 373
List the prime factors of 66020.
2, 5, 3301
What are the prime factors of 30177?
3, 7, 479
What are the prime factors of 2919?
3, 7, 139
What are the prime factors of 6833?
6833
List the prime factors of 1235.
5, 13, 19
List the prime factors of 4761.
3, 23
List the prime factors of 997.
997
What are the prime factors of 529?
23
List the prime factors of 1872.
2, 3, 13
List the prime factors of 66300.
2, 3, 5, 13, 17
What are the prime factors of 8312?
2, 1039
List the prime factors of 42715.
5, 8543
What are the prime factors of 72982?
2, 7, 13, 401
What are the prime factors of 18333?
3, 7, 97
What are the prime factors of 6082?
2, 3041
What are the prime factors of 186?
2, 3, 31
List the prime factors of 3047.
11, 277
List the prime factors of 970.
2, 5, 97
What are the prime factors of 14743?
23, 641
List the prime factors of 931.
7, 19
What are the prime factors of 3508?
2, 877
List the prime factors of 68351.
68351
List the prime factors of 4729.
4729
List the prime factors of 266.
2, 7, 19
What are the prime factors of 4488?
2, 3, 11, 17
What are the prime factors of 64653?
3, 23, 937
List the prime factors of 1666.
2, 7, 17
List the prime factors of 8772.
2, 3, 17, 43
What are the prime factors of 7590?
2, 3, 5, 11, 23
List the prime factors of 28.
2, 7
What are the prime factors of 9334?
2, 13, 359
List the prime factors of 3248.
2, 7, 29
List the prime factors of 1337.
7, 191
List the prime factors of 181337.
13, 29, 37
What are the prime factors of 37557?
3, 13, 107
What are the prime factors of 1555?
5, 311
List the prime factors of 45841.
45841
What are the prime factors of 74877?
3, 11, 2269
What are the prime factors of 2101?
11, 191
What are the prime factors of 3326?
2, 1663
List the prime factors of 8934.
2, 3, 1489
List the prime factors of 18160.
2, 5, 227
List the prime factors of 99666.
2, 3, 7, 113
List the prime factors of 969.
3, 17, 19
List the prime factors of 95149.
17, 29, 193
What are the prime factors of 1918?
2, 7, 137
What are the prime factors of 5439?
3, 7, 37
What are the prime factors of 139848?
2, 3, 5827
What are the prime factors of 934?
2, 467
What are the prime factors of 8522?
2, 4261
List the prime factors of 370.
2, 5, 37
List the prime factors of 187.
11, 17
List the prime factors of 9385.
5, 1877
What are the prime factors of 635?
5, 127
List the prime factors of 27134.
2, 13567
List the prime factors of 11756.
2, 2939
List the prime factors of 408.
2, 3, 17
What are the prime factors of 5010?
2, 3, 5, 167
What are the prime factors of 2229?
3, 743
What are the prime factors of 207?
3, 23
List the prime factors of 574.
2, 7, 41
List the prime factors of 2721.
3, 9